{"id":1868,"date":"2013-12-09T20:41:37","date_gmt":"2013-12-09T19:41:37","guid":{"rendered":"http:\/\/catchit.hu\/?page_id=1868"},"modified":"2013-12-13T10:14:17","modified_gmt":"2013-12-13T09:14:17","slug":"lomography","status":"publish","type":"page","link":"http:\/\/catchit.hu\/?page_id=1868","title":{"rendered":"Lomography"},"content":{"rendered":"<p>Eleje<\/p>\n<p>A t\u00f6rt\u00e9netet tal\u00e1n m\u00e1r sokan ismerik. Egy egykori szovjet gy\u00e1r m\u00e1ra legend\u00e1ss\u00e1 v\u00e1lt term\u00e9k\u00e9vel kezd\u0151d\u00f6tt minden. A LOMO kompakt automata a maga idej\u00e9ben megb\u00edzhat\u00f3, j\u00f3 min\u0151s\u00e9g\u0171, olcs\u00f3 f\u00e9nyk\u00e9pez\u0151g\u00e9p volt, azonban az igazi sikert\u00f6rt\u00e9net csak \u201chal\u00e1la\u201d ut\u00e1n, k\u00f6r\u00fclbel\u00fcl m\u00e1sf\u00e9l \u00e9vtizede kezd\u0151d\u00f6tt, amikor p\u00e1r fiatal b\u00e9csi m\u0171v\u00e9szl\u00e9lek (ki tudja, milyen szerek hat\u00e1s\u00e1ra) r\u00e1j\u00f6tt, hogy az \u00e1ll\u00edtgat\u00e1st eleve nem ig\u00e9nyl\u0151 g\u00e9p t\u00f6k\u00e9letesen alkalmas v\u00e9letlenszer\u0171, kap\u00e1sl\u00f6v\u00e9s jelleg\u0171 k\u00e9pek k\u00e9sz\u00edt\u00e9s\u00e9re.<\/p>\n<p>Az akkoriban szemtelen\u00fcl \u00fajszer\u0171, m\u00e1r-m\u00e1r l\u00e1zad\u00f3 st\u00edlus\u00fa k\u00e9pek nem csak a k\u00e1bult egyetemist\u00e1k lelk\u00e9t h\u00f3d\u00edtott\u00e1k meg, hanem t\u00f6bbek k\u00f6z\u00f6tt a divatszakma is hasznot h\u00fazott bel\u0151l\u00fck. Mindenki sz\u00e1m\u00e1ra ismeretlen emberek, ismeretlen \u00e9lethelyzetekben, ismeretlen helyeken, teljesen \u00e9rdektelen fot\u00f3kon &#8211; mi lehetne enn\u00e9l vonz\u00f3bb egy modern divattervez\u0151 sz\u00e1m\u00e1ra?<\/p>\n<p>K\u00f6zepe<\/p>\n<p>Az \u201c\u0151r\u00fclet\u201d m\u00e1ig h\u00f3d\u00edt, B\u00e9cs utc\u00e1in eg\u00e9sz boltok vannak tele a kiz\u00e1r\u00f3lag lomo fot\u00f3kkal d\u00edsz\u00edtett ruh\u00e1kkal \u00e9s \u00e9kszerekkel, de a lakberendez\u00e9s ter\u00fclet\u00e9n is tal\u00e1lkozhatunk ezekkel az alkot\u00e1sokkal. Mit\u0151l olyan j\u00f3 ez az eg\u00e9sz? Att\u00f3l, hogy m\u00e1s. Nincsenek szab\u00e1lyai, \u00e9s otthont ad minden olyan \u0151r\u00fclts\u00e9gnek (mind technikai mind emberi szinten), aminek alapvet\u0151en senki nem venn\u00e9 haszn\u00e1t, vagy senki nem tal\u00e1lja el\u00e9g \u00e9rt\u00e9kesnek.<\/p>\n<p>A lomogr\u00e1fia egyszer\u0171s\u00e9ge egyben a nyitotts\u00e1g\u00e1t garant\u00e1lja. Hol m\u00e1shol venn\u00e9nk haszn\u00e1t egy kilencs lencs\u00e9s (egy kock\u00e1ra kilenc kis k\u00e9pet expon\u00e1l\u00f3) vagy egy be\u00e9p\u00edtett halszemobjekt\u00edves automata anal\u00f3g kompaktnak? A lomogr\u00e1fusok tudj\u00e1k a v\u00e1laszt: h\u00e1zibulikon, strandon, metr\u00f3n, mozg\u00f3l\u00e9pcs\u0151n vagy ak\u00e1r egy esk\u00fcv\u0151n &#8211; mindegy, csak ne kelljen t\u00fal sokat foglalkozni a be\u00e1ll\u00edt\u00e1sokkal, \u00e9s legyen el\u00e9g f\u00e9ny.<\/p>\n<p>Sose lesz v\u00e9ge<\/p>\n<p>\u00c9s a v\u00e9geredm\u00e9ny\u2026 Kit \u00e9rdekel? Egy a l\u00e9nyeg: VALAMI legyen a k\u00e9peken, hogy mi van rajtuk \u00e9s kinek mennyire tetszenek, az itt teljesen mell\u00e9kes. Sokan megpr\u00f3b\u00e1lt\u00e1k m\u00e1r defini\u00e1lni a lomogr\u00e1fia l\u00e9nyeg\u00e9t, de a v\u00e9ge valahogy mindig az, hogy ne t\u00f6r\u0151dj semmivel, ne gondolkodj, csak kattogjon a g\u00e9p. \u00c9pp ez adja az eg\u00e9sz izgalm\u00e1t, fogalmunk sincs, mit alkottunk, csak amikor el\u0151sz\u00f6r megl\u00e1tjuk a kidolgozott k\u00e9peket.<\/p>\n<p>\u00c9s mi van, ha nagy r\u00e9sz\u00fck nem siker\u00fclt? Ilyen a lomo-ban nincs. Minden k\u00e9p siker\u00fclt \u00e9s minden k\u00e9p j\u00f3, nem l\u00e9v\u00e9n krit\u00e9rium, aminek meg kell felelni. A techika megsz\u00e1llottai messzire ker\u00fclj\u00e9k el mindazt, aminek k\u00f6zele lehet a lomo-hoz, iskol\u00e1zott, komoly fot\u00f3m\u0171v\u00e9szek pedig ne is akarj\u00e1k meg\u00e9rteni. Ez egy k\u00fcl\u00f6n vil\u00e1g a fotogr\u00e1fi\u00e1n bel\u00fcl, ak\u00e1rcsak Woody Allen a filmesek k\u00f6z\u00f6tt. Aki meg\u00e9rti, szereti, aki nem \u00e9rti\u2026 Az soha nem is fogja.<\/p>\n<!-- AddThis Advanced Settings generic via filter on the_content --><!-- AddThis Share Buttons generic via filter on the_content -->","protected":false},"excerpt":{"rendered":"<p>Eleje A t\u00f6rt\u00e9netet tal\u00e1n m\u00e1r sokan ismerik. Egy egykori szovjet gy\u00e1r m\u00e1ra legend\u00e1ss\u00e1 v\u00e1lt term\u00e9k\u00e9vel kezd\u0151d\u00f6tt minden. A LOMO kompakt automata a maga idej\u00e9ben megb\u00edzhat\u00f3, j\u00f3 min\u0151s\u00e9g\u0171, olcs\u00f3 f\u00e9nyk\u00e9pez\u0151g\u00e9p volt, azonban az igazi sikert\u00f6rt\u00e9net csak \u201chal\u00e1la\u201d ut\u00e1n, k\u00f6r\u00fclbel\u00fcl m\u00e1sf\u00e9l \u00e9vtizede kezd\u0151d\u00f6tt, amikor p\u00e1r fiatal b\u00e9csi m\u0171v\u00e9szl\u00e9lek (ki tudja, milyen szerek hat\u00e1s\u00e1ra) r\u00e1j\u00f6tt, hogy az \u00e1ll\u00edtgat\u00e1st [&hellip;]<!-- AddThis Advanced Settings generic via filter on get_the_excerpt --><!-- AddThis Share Buttons generic via filter on get_the_excerpt --><\/p>\n","protected":false},"author":1,"featured_media":0,"parent":0,"menu_order":0,"comment_status":"open","ping_status":"open","template":"template-gallery-masonry-3.php","meta":[],"_links":{"self":[{"href":"http:\/\/catchit.hu\/index.php?rest_route=\/wp\/v2\/pages\/1868"}],"collection":[{"href":"http:\/\/catchit.hu\/index.php?rest_route=\/wp\/v2\/pages"}],"about":[{"href":"http:\/\/catchit.hu\/index.php?rest_route=\/wp\/v2\/types\/page"}],"author":[{"embeddable":true,"href":"http:\/\/catchit.hu\/index.php?rest_route=\/wp\/v2\/users\/1"}],"replies":[{"embeddable":true,"href":"http:\/\/catchit.hu\/index.php?rest_route=%2Fwp%2Fv2%2Fcomments&post=1868"}],"version-history":[{"count":4,"href":"http:\/\/catchit.hu\/index.php?rest_route=\/wp\/v2\/pages\/1868\/revisions"}],"predecessor-version":[{"id":1991,"href":"http:\/\/catchit.hu\/index.php?rest_route=\/wp\/v2\/pages\/1868\/revisions\/1991"}],"wp:attachment":[{"href":"http:\/\/catchit.hu\/index.php?rest_route=%2Fwp%2Fv2%2Fmedia&parent=1868"}],"curies":[{"name":"wp","href":"https:\/\/api.w.org\/{rel}","templated":true}]}}