{"id":334,"date":"2013-12-07T11:56:36","date_gmt":"2013-12-07T10:56:36","guid":{"rendered":"http:\/\/catchit.hu\/?page_id=334"},"modified":"2013-12-10T22:38:55","modified_gmt":"2013-12-10T21:38:55","slug":"menhely","status":"publish","type":"page","link":"http:\/\/catchit.hu\/?page_id=334","title":{"rendered":"Mened\u00e9k"},"content":{"rendered":"<p>R\u00e9g\u00f3ta terveztem a kil\u00e1togat\u00e1st de ez mindig elod\u00e1z\u00f3dott m\u00edgnem elj\u00f6tt a napja hogy egy zs\u00e1k kutyat\u00e1ppal \u00e9s s\u00e9t\u00e1ltat\u00f3 sz\u00e1nd\u00e9kkal szembes\u00fcltem a t\u00e9nnyel hogy ez nem egy telep hanem egy \u00f3v\u00f3int\u00e9zet ahol emberek kuty\u00e1kkal kuty\u00e1ul b\u00e1nnak minden mutat\u00f3 \u00e9s buktat\u00f3 ellen\u00e9re&#8230;<\/p>\n<p>&nbsp;<\/p>\n<p>Az Egy\u00fctt az \u00c1llatok\u00e9rt \u00c1llatv\u00e9d\u0151 K\u00f6zhaszn\u00fa Egyes\u00fclet 2004 janu\u00e1rj\u00e1ban j\u00f6tt l\u00e9tre azzal a c\u00e9llal, hogy Debrecenben, Kelet-Magyarorsz\u00e1g legnagyobb v\u00e1ros\u00e1ban \u00e9s k\u00f6rny\u00e9k\u00e9n az utc\u00e1ra kidobott, balesetes, s\u00e9r\u00fclt k\u00f3borl\u00f3 kuty\u00e1k \u00e9s macsk\u00e1k sz\u00e1m\u00e1ra mened\u00e9khelyet biztos\u00edtson, az \u00e1llatokat orvosi ell\u00e1t\u00e1sban r\u00e9szes\u00edtse, majd megfelel\u0151 gazd\u00e1t tal\u00e1ljon nekik.<\/p>\n<p>Az egyes\u00fclet \u00e1llatokat nem altat el (kiv\u00e9ve azokat, akik az \u00e9lettel \u00f6sszeegyeztethetetlen s\u00e9r\u00fcl\u00e9ssel ker\u00fclnek be, ahol az \u00e1llatorvos v\u00e9lem\u00e9nye alapj\u00e1n gy\u00f3gykezel\u00e9s\u00fck m\u00e1r megoldhatatlan), minden \u00e1llat addig marad az egyes\u00fclet gondoz\u00e1s\u00e1ban, am\u00edg megfelel\u0151 gazd\u00e1t nem tal\u00e1lnak neki.<\/p>\n<p>Ahogy n\u0151tt az adom\u00e1nyok m\u00e9rt\u00e9ke, \u00fagy n\u0151tt az \u00e1llatok l\u00e9tsz\u00e1ma is. 2010-re a menhely \u201etelth\u00e1zzal\u201d m\u0171k\u00f6d\u00f6tt \u00e9s m\u00e1r nem volt k\u00e9pes befogadni t\u00f6bb \u00faj \u00e1llatot, csak abban az esetben, ha \u201evalakit\u201d \u00f6r\u00f6kbe adtunk. A helyhi\u00e1ny miatt sok esetben m\u00e1r nem tudtunk eleget tenni a hozz\u00e1nk be\u00e9rkezett k\u00e9r\u00e9seknek. Magyarorsz\u00e1gon a kuty\u00e1k sz\u00e1m\u00e1ra 2013. janu\u00e1rt\u00f3l bevezetett k\u00f6telez\u0151 chippel\u00e9s m\u00e1r 2012. \u00e9v v\u00e9g\u00e9n jelent\u0151s m\u00e9rt\u00e9kben megemelte az utc\u00e1ra ker\u00fclt ebek sz\u00e1m\u00e1t, a helyzet el\u0151rel\u00e1that\u00f3lag az \u00e9v elej\u00e9t\u0151l m\u00e9g ink\u00e1bb rosszabbodni fog.<\/p>\n<p>T\u00e1rsszervezet\u00fcnk a Kutyah\u00e1z Egyes\u00fclet 2008-ban alakult. Az Egyes\u00fclet c\u00e9ljak\u00e9nt t\u0171zte ki a Debrecenben \u00e9s a r\u00e9gi\u00f3ban \u00e9l\u0151, utc\u00e1ra dobott, s\u00e9r\u00fclt, k\u00f3borl\u00f3 \u00e1llatok megseg\u00edt\u00e9s\u00e9t. Fontosnak tartjuk a k\u00f6rnyezettudatos \u00e9letre, felel\u0151s \u00e1llattart\u00e1sra val\u00f3 nevel\u00e9st. Az anyagi t\u00e1mogat\u00e1son k\u00edv\u00fcl nagy figyelmet ford\u00edtunk a probl\u00e9ma min\u00e9l sz\u00e9lesebb t\u00e1rsadalmi r\u00e9tegekhez t\u00f6rt\u00e9n\u0151 eljuttat\u00e1s\u00e1ra.<\/p>\n<p>A Kutyah\u00e1z Egyes\u00fclet \u00e9s az Egy\u00fctt az \u00c1llatok\u00e9rt Egyes\u00fclet k\u00f6z\u00f6s p\u00e1ly\u00e1zatot adott be Kutyah\u00e1z \u00c1llatotthon l\u00e9tes\u00edt\u00e9se Debrecenben c\u00edmmel, melynek c\u00e9lja egy eur\u00f3pai norm\u00e1knak megfelel\u0151 \u00e1llatotthon kialak\u00edt\u00e1sa a r\u00e9gi\u00f3ban. Az \u00faj \u00e1llatotthon optim\u00e1lisan kihaszn\u00e1lva 120 kutya \u00e9s 20 macska befogad\u00e1s\u00e1ra alkalmas. Kialak\u00edt\u00e1sra ker\u00fcl Hajd\u00fa-Bihar megye els\u0151 macskah\u00e1za. Megoldhat\u00f3v\u00e1 v\u00e1lik a be\u00e9rkez\u0151 kuty\u00e1k \u00e9s az oltatlan k\u00f6ly\u00f6kkuty\u00e1k elk\u00fcl\u00f6n\u00edt\u00e9se, minim\u00e1lisra cs\u00f6kkentve ezzel a menhelyen bel\u00fcli fert\u0151z\u00e9seket.<\/p>\n<p>Az \u00e1llatotthonban kialak\u00edt\u00e1sra ker\u00fcl egy olyan el\u0151ad\u00f3 terem, mely megfelel\u0151 helyet biztos\u00edt az iskol\u00e1s gyerekek foglalkoztat\u00e1s\u00e1nak \u00e9s oktat\u00e1s\u00e1nak, ahol a felel\u0151s \u00e1llattart\u00e1s, ismeretterjeszt\u00e9s \u00e9s szeml\u00e9letform\u00e1l\u00e1s kialak\u00edt\u00e1sa val\u00f3sulhat meg, m\u00f3dszertani f\u00fczetek, plak\u00e1tok \u00e9s j\u00e1t\u00e9kos vet\u00e9lked\u0151k seg\u00edts\u00e9g\u00e9vel, tov\u00e1bb\u00e1 a term\u00e9szet- \u00e9s k\u00f6rnyezetv\u00e9delem, eg\u00e9szs\u00e9gtan, valamint fenntarthat\u00f3 fejl\u0151d\u00e9s gondolat\u00e1nak tov\u00e1bbfejleszt\u00e9s\u00e9vel.<\/p>\n<p>A szoci\u00e1lis \u00e9p\u00fclet fel\u00e9p\u00edt\u00e9s\u00e9t \u00e9s berendez\u00e9s\u00e9t a p\u00e1ly\u00e1zat nem t\u00e1mogatja, \u00edgy azt az Egyes\u00fcleteknek \u00f6ner\u0151b\u0151l kell biztos\u00edtania. Ez a feladat olyan komoly terhet r\u00f3 r\u00e1nk, ami a menhely mindennapi m\u0171k\u00f6d\u00e9s\u00e9t sodorja vesz\u00e9lybe.<\/p>\n<!-- AddThis Advanced Settings generic via filter on the_content --><!-- AddThis Share Buttons generic via filter on the_content -->","protected":false},"excerpt":{"rendered":"<p>R\u00e9g\u00f3ta terveztem a kil\u00e1togat\u00e1st de ez mindig elod\u00e1z\u00f3dott m\u00edgnem elj\u00f6tt a napja hogy egy zs\u00e1k kutyat\u00e1ppal \u00e9s s\u00e9t\u00e1ltat\u00f3 sz\u00e1nd\u00e9kkal szembes\u00fcltem a t\u00e9nnyel hogy ez nem egy telep hanem egy \u00f3v\u00f3int\u00e9zet ahol emberek kuty\u00e1kkal kuty\u00e1ul b\u00e1nnak minden mutat\u00f3 \u00e9s buktat\u00f3 ellen\u00e9re&#8230; &nbsp; Az Egy\u00fctt az \u00c1llatok\u00e9rt \u00c1llatv\u00e9d\u0151 K\u00f6zhaszn\u00fa Egyes\u00fclet 2004 janu\u00e1rj\u00e1ban j\u00f6tt l\u00e9tre azzal a c\u00e9llal, [&hellip;]<!-- AddThis Advanced Settings generic via filter on get_the_excerpt --><!-- AddThis Share Buttons generic via filter on get_the_excerpt --><\/p>\n","protected":false},"author":1,"featured_media":0,"parent":0,"menu_order":0,"comment_status":"open","ping_status":"open","template":"template-gallery-masonry-mixed.php","meta":[],"_links":{"self":[{"href":"http:\/\/catchit.hu\/index.php?rest_route=\/wp\/v2\/pages\/334"}],"collection":[{"href":"http:\/\/catchit.hu\/index.php?rest_route=\/wp\/v2\/pages"}],"about":[{"href":"http:\/\/catchit.hu\/index.php?rest_route=\/wp\/v2\/types\/page"}],"author":[{"embeddable":true,"href":"http:\/\/catchit.hu\/index.php?rest_route=\/wp\/v2\/users\/1"}],"replies":[{"embeddable":true,"href":"http:\/\/catchit.hu\/index.php?rest_route=%2Fwp%2Fv2%2Fcomments&post=334"}],"version-history":[{"count":6,"href":"http:\/\/catchit.hu\/index.php?rest_route=\/wp\/v2\/pages\/334\/revisions"}],"predecessor-version":[{"id":1963,"href":"http:\/\/catchit.hu\/index.php?rest_route=\/wp\/v2\/pages\/334\/revisions\/1963"}],"wp:attachment":[{"href":"http:\/\/catchit.hu\/index.php?rest_route=%2Fwp%2Fv2%2Fmedia&parent=334"}],"curies":[{"name":"wp","href":"https:\/\/api.w.org\/{rel}","templated":true}]}}